 base 13, what is -87c791a + -8?
-87c7925
In base 4, what is -203331232030 - 2?
-203331232032
In base 15, what is -9 - -30b979?
30b970
In base 13, what is -808 - -2a508?
29a00
In base 4, what is 11000011210 + -323?
11000010221
In base 6, what is 142132245 + -1?
142132244
In base 15, what is 3 - e39145?
-e39142
In base 3, what is -1102211020 - 1001121?
-1110212211
In base 10, what is 48184286 - 2?
48184284
In base 3, what is 12 + -11001221110022?
-11001221110010
In base 13, what is -13b73719 - -7?
-13b73712
In base 15, what is -2e84742 - -27?
-2e8471a
In base 15, what is 6c96ac - 0?
6c96ac
In base 13, what is 7 - b30221?
-b30217
In base 11, what is -340492 - 0?
-340492
In base 16, what is b1 - 11c6?
-1115
In base 10, what is 0 - -97529365?
97529365
In base 2, what is 10010100011 - 111000111110?
-100110011011
In base 11, what is -104 - 2498a8?
-249a01
In base 11, what is 21 - 354299?
-354278
In base 4, what is -1220010 - 33331?
-1320001
In base 3, what is 101020020122 - -20?
101020020212
In base 10, what is -208766672 + 8?
-208766664
In base 12, what is -109606 - -86?
-109540
In base 11, what is 116a6 - -13164?
2485a
In base 13, what is -1638 - -438?
-1200
In base 10, what is 1826750 + 89?
1826839
In base 3, what is -102112121 - -1112?
-102111002
In base 2, what is 110 + -10000110111001000011100?
-10000110111001000010110
In base 4, what is -33 + 1120120202020?
1120120201321
In base 9, what is -23 - 2086575?
-2086608
In base 3, what is -1 + -1002021112021212202?
-1002021112021212210
In base 3, what is -10121102 - -201202201?
121011022
In base 5, what is 141344334 - -2103?
141401442
In base 4, what is -230233002 + 1222?
-230231120
In base 4, what is 21011201120 + 0?
21011201120
In base 13, what is -415a0 + -3b?
-4160b
In base 8, what is -3 - -1613212426?
1613212423
In base 16, what is -38 + -6c2fa?
-6c332
In base 6, what is -143 - -13033225?
13033042
In base 5, what is -1200 - 33034232?
-33040432
In base 14, what is 8 - -819b271?
819b279
In base 8, what is -3 + 33445334?
33445331
In base 8, what is -1230464 + -61?
-1230545
In base 2, what is -11101010010110 - -100001101010?
-11001000101100
In base 10, what is -6 - 348039?
-348045
In base 7, what is -3 + 236224262?
236224256
In base 2, what is 1001011100011110000111 - -1111?
1001011100011110010110
In base 5, what is -2212434031 + -313?
-2212434344
In base 9, what is -30016025 + 2?
-30016023
In base 3, what is 112210 - 1102012001200?
-1102011111220
In base 9, what is -4185 + -268054?
-273250
In base 8, what is 5 + -5660543?
-5660536
In base 6, what is 1553351420 + -5?
1553351411
In base 2, what is -10101101110101 + 10111100100000?
1110101011
In base 12, what is 2 - -394a05?
394a07
In base 11, what is -213 - -1a8a0?
1a688
In base 8, what is 3254412723 - -5?
3254412730
In base 16, what is -c67d616 + -1?
-c67d617
In base 10, what is 0 + 3146544?
3146544
In base 15, what is -983b2 - -b?
-983a6
In base 16, what is 15299 - 31?
15268
In base 2, what is -1110000011100000010 + -10110?
-1110000011100011000
In base 2, what is 10110110100 - 1100000010011101?
-1011101011101001
In base 3, what is 12201202 - -2112110?
22021012
In base 2, what is 100001 - 110001100001111001?
-110001100001011000
In base 8, what is 1446310 - -20?
1446330
In base 6, what is 1 - -23245420?
23245421
In base 11, what is 46127 - -2077?
481a3
In base 4, what is 11232011133 + 302?
11232012101
In base 3, what is 12000101201 - 210221?
11222120210
In base 13, what is -17662 + -91?
-17723
In base 12, what is -902 + 300a?
2308
In base 6, what is 3 - 15315521500?
-15315521453
In base 15, what is 4 + 4842a0b?
4842a10
In base 3, what is 12021201011121 + -1101?
12021201010020
In base 11, what is 8215231 + -9?
8215223
In base 12, what is 1324 + a201a?
a3342
In base 10, what is 0 + 16728210?
16728210
In base 14, what is -2a73 - 3168?
-5bdb
In base 14, what is -64 + 8c1966?
8c1902
In base 14, what is -5044c3b - -4?
-5044c37
In base 10, what is -13837748 + -2?
-13837750
In base 4, what is 2 + -1031120132?
-1031120130
In base 16, what is -243 - 43e8?
-462b
In base 11, what is 1a84 - a1725?
-9a751
In base 9, what is 820 + -44625?
-43705
In base 15, what is -1c58 + -ac58?
-c9b1
In base 11, what is 5 - 665375?
-665370
In base 11, what is -900170 + 5?
-900166
In base 16, what is 7bf6d6 + -2?
7bf6d4
In base 11, what is 1279a0 - 207?
127794
In base 9, what is 28 - 1100340?
-1100311
In base 11, what is 38 - -2418a09?
2418a46
In base 9, what is -172517 + 7?
-172510
In base 2, what is 1000101111101111111 - -1100110?
1000101111111100101
In base 12, what is b263 + 711a?
16381
In base 6, what is 404453 - 2054?
402355
In base 12, what is 26a1390 + 7?
26a1397
In base 7, what is -11536 - 1363?
-13232
In base 16, what is 3e - -2254a?
22588
In base 16, what is -10 - 32c69?
-32c79
In base 15, what is 611b805 + -2?
611b803
In base 10, what is -25 - 58918?
-58943
In base 3, what is -1 + -1002021001202212?
-1002021001202220
In base 14, what is 5 - -7192539?
7192540
In base 8, what is -314253 + 761?
-313272
In base 15, what is -16359 - -10e1?
-15268
In base 14, what is 2 - 54b8ba?
-54b8b8
In base 3, what is -1 - 21221021000211?
-21221021000212
In base 10, what is -8 - 98792974?
-98792982
In base 8, what is 35 + -102242202?
-102242145
In base 5, what is -102 - 1024140032?
-1024140134
In base 7, what is -1445202 - -1553?
-1443316
In base 2, what is 1100001 + 1110000001111100010100?
1110000001111101110101
In base 13, what is -3 + 9146596?
9146593
In base 3, what is -222 - 111210001111?
-111210002110
In base 10, what is -1195 - 45675?
-46870
In base 10, what is 231750 - -4?
231754
In base 7, what is -13645 - 30021?
-43666
In base 6, what is -515 + 31233?
30314
In base 7, what is 13040 - 30611?
-14541
In base 3, what is 1211101021 - 101110?
1210222211
In base 15, what is 1919a + 50?
191ea
In base 15, what is 123585db + 1?
123585dc
In base 7, what is 20 - -15234015?
15234035
In base 8, what is -163 + -1340774?
-1341157
In base 11, what is 5 - -7958940?
7958945
In base 15, what is -129c38 + -3e?
-129c77
In base 9, what is 26 - -1531036?
1531063
In base 2, what is 1100 + -1011000111011100011100?
-1011000111011100010000
In base 5, what is -31243 - -4303201?
4221403
In base 5, what is -103132 + 42?
-103040
In base 11, what is -54a - -78287?
77838
In base 10, what is -26190 - -3335?
-22855
In base 16, what is -2287205 - 10?
-2287215
In base 12, what is 2759718 - 8?
2759710
In base 15, what is -4199 - -6750?
25a6
In base 14, what is 4489b - 12c?
4476d
In base 13, what is -35c987 + -6?
-35c990
In base 2, what is -1 + 1100101001111000111010011010?
1100101001111000111010011001
In base 16, what is 4 - 50821?
-5081d
In base 8, what is 6724 - -1100?
10024
In base 4, what is 2 + 12202310022213?
12202310022221
In base 3, what is 2022 + -101110011021?
-101110001222
In base 2, what is 1001010101000000 - 100110001010?
1000101110110110
In base 11, what is -138 - -38139?
38001
In base 15, what is -413ba86 - 0?
-413ba86
In base 10, what is -26435519 + -1?
-26435520
In base 9, what is 31477112 + 12?
31477124
In base 7, what is -26 - 1150115?
-1150144
In base 11, what is 440 + 95879?
96209
In base 9, what is 501226286 + 5?
501226302
In base 15, what is -10c + -14c46?
-14d53
In base 5, what is 30110121 + -34444?
30020122
In base 7, what is 25 + 16466204?
16466232
In base 3, what is 11202011022202 - -1?
11202011022210
In base 11, what is 1 + 240263?
240264
In base 11, what is -30508 - 993?
-313a0
In base 12, what is -3548b4 + 0?
-3548b4
In base 2, what is -10001011110 + -111011000011011?
-111101001111001
In base 7, what is -44140 + -35233?
-112403
In base 10, what is 234037 - 40?
233997
In base 4, what is -231 + -13210330132?
-13210331023
In base 5, what is 33304 + -2130323?
-2042014
In base 3, what is 2020000002110120 + 12?
2020000002110202
In base 3, what is -101021 + -1012002202?
-1012111000
In base 13, what is -5c + 291556?
2914c7
In base 10, what is -6875 + -6035?
-12910
In base 7, what is 5 + 1050120455?
1050120463
In base 10, what is -1230 - -231064?
229834
In base 10, what is 220613 + -353?
220260
In base 9, what is -1230 - -32700?
31460
In base 14, what is 2970d33 + 1?
2970d34
In base 3, what is -1122222000112 - 100?
-1122222000212
In base 4, what is -2301303333 + -33?
-2301310032
In base 15